ided by 63?
10
Calculate the remainder when 950 is divided by 3.
2
Calculate the remainder when 122 is divided by 41.
40
What is the remainder when 7289 is divided by 24?
17
What is the remainder when 86 is divided by 18?
14
Calculate the remainder when 54 is divided by 28.
26
What is the remainder when 1028 is divided by 170?
8
Calculate the remainder when 5761 is divided by 93.
88
What is the remainder when 17 is divided by 13?
4
What is the remainder when 1186 is divided by 29?
26
What is the remainder when 95 is divided by 44?
7
Calculate the remainder when 295 is divided by 15.
10
Calculate the remainder when 118 is divided by 88.
30
Calculate the remainder when 1369 is divided by 16.
9
What is the remainder when 78 is divided by 4?
2
Calculate the remainder when 92 is divided by 42.
8
What is the remainder when 23 is divided by 18?
5
Calculate the remainder when 603 is divided by 281.
41
What is the remainder when 60 is divided by 22?
16
What is the remainder when 1028 is divided by 97?
58
What is the remainder when 501 is divided by 7?
4
What is the remainder when 951 is divided by 17?
16
Calculate the remainder when 2203 is divided by 148.
131
What is the remainder when 293 is divided by 160?
133
Calculate the remainder when 100 is divided by 34.
32
What is the remainder when 131 is divided by 26?
1
Calculate the remainder when 2324 is divided by 75.
74
What is the remainder when 1275 is divided by 1266?
9
Calculate the remainder when 206 is divided by 67.
5
Calculate the remainder when 603 is divided by 19.
14
Calculate the remainder when 40 is divided by 4.
0
What is the remainder when 134 is divided by 48?
38
What is the remainder when 2913 is divided by 36?
33
What is the remainder when 100 is divided by 91?
9
What is the remainder when 1674 is divided by 23?
18
What is the remainder when 298 is divided by 46?
22
Calculate the remainder when 117 is divided by 30.
27
What is the remainder when 54 is divided by 44?
10
Calculate the remainder when 1384 is divided by 99.
97
Calculate the remainder when 1566 is divided by 49.
47
Calculate the remainder when 4857 is divided by 20.
17
What is the remainder when 598 is divided by 106?
68
Calculate the remainder when 422 is divided by 70.
2
Calculate the remainder when 29636 is divided by 60.
56
Calculate the remainder when 10 is divided by 8.
2
Calculate the remainder when 119 is divided by 46.
27
Calculate the remainder when 633 is divided by 13.
9
Calculate the remainder when 1216 is divided by 29.
27
Calculate the remainder when 1076 is divided by 14.
12
Calculate the remainder when 345 is divided by 33.
15
Calculate the remainder when 4 is divided by 3.
1
What is the remainder when 846 is divided by 78?
66
Calculate the remainder when 1708 is divided by 77.
14
Calculate the remainder when 81 is divided by 17.
13
Calculate the remainder when 716 is divided by 80.
76
Calculate the remainder when 2285 is divided by 468.
413
What is the remainder when 207 is divided by 13?
12
What is the remainder when 778 is divided by 34?
30
What is the remainder when 26 is divided by 19?
7
What is the remainder when 359 is divided by 65?
34
What is the remainder when 2396 is divided by 160?
156
What is the remainder when 2345 is divided by 34?
33
Calculate the remainder when 345 is divided by 173.
172
Calculate the remainder when 36 is divided by 26.
10
Calculate the remainder when 85 is divided by 16.
5
What is the remainder when 7257 is divided by 38?
37
What is the remainder when 2306 is divided by 287?
10
What is the remainder when 35 is divided by 28?
7
What is the remainder when 111 is divided by 4?
3
What is the remainder when 92 is divided by 24?
20
What is the remainder when 184 is divided by 48?
40
What is the remainder when 129 is divided by 114?
15
Calculate the remainder when 813 is divided by 179.
97
Calculate the remainder when 5873 is divided by 52.
49
Calculate the remainder when 318 is divided by 46.
42
Calculate the remainder when 334 is divided by 107.
13
Calculate the remainder when 115 is divided by 51.
13
Calculate the remainder when 3261 is divided by 34.
31
What is the remainder when 16901 is divided by 4?
1
Calculate the remainder when 120 is divided by 31.
27
What is the remainder when 1313 is divided by 139?
62
What is the remainder when 3179 is divided by 10?
9
Calculate the remainder when 611 is divided by 68.
67
What is the remainder when 13429 is divided by 10?
9
Calculate the remainder when 1343 is divided by 198.
155
Calculate the remainder when 5737 is divided by 198.
193
Calculate the remainder when 268 is divided by 18.
16
Calculate the remainder when 569 is divided by 31.
11
What is the remainder when 494 is divided by 240?
14
What is the remainder when 2953 is divided by 12?
1
Calculate the remainder when 141 is divided by 23.
3
What is the remainder when 118 is divided by 20?
18
Calculate the remainder when 44 is divided by 7.
2
Calculate the remainder when 60396 is divided by 23.
21
Calculate the remainder when 756 is divided by 254.
248
Calculate the remainder when 1970 is divided by 34.
32
Calculate the remainder when 65 is divided by 50.
15
Calculate the remainder when 3120 is divided by 22.
18
What is the remainder when 184 is divided by 17?
14
What is the remainder when 261 is divided by 90?
81
What is the remainder when 137 is divided by 52?
33
Calculate the remainder when 305 is divided by 59.
10
What is the remainder when 105 is divided by 43?
19
Calculate the remainder when 16 is divided by 5.
1
Calculate the remainder when 558 is divided by 7.
5
What is the remainder when 347 is divided by 5?
2
Calculate the remainder when 7501 is divided by 31.
30
What is the remainder when 133 is divided by 41?
10
Calculate the remainder when 2447 is divided by 25.
22
What is the remainder when 51 is divided by 34?
17
Calculate the remainder when 6861 is divided by 78.
75
What is the remainder when 202 is divided by 98?
6
What is the remainder when 223 is divided by 12?
7
What is the remainder when 370 is divided by 57?
28
What is the remainder when 211 is divided by 54?
49
What is the remainder when 196 is divided by 31?
10
What is the remainder when 933 is divided by 117?
114
What is the remainder when 135 is divided by 8?
7
What is the remainder when 17 is divided by 14?
3
What is the remainder when 527 is divided by 48?
47
Calculate the remainder when 2225 is divided by 1109.
7
What is the remainder when 190 is divided by 86?
18
Calculate the remainder when 125 is divided by 20.
5
Calculate the remainder when 27381 is divided by 14.
11
What is the remainder when 102 is divided by 17?
0
Calculate the remainder when 1380 is divided by 665.
50
What is the remainder when 195 is divided by 21?
6
Calculate the remainder when 837 is divided by 124.
93
What is the remainder when 53 is divided by 16?
5
Calculate the remainder when 394 is divided by 384.
10
What is the remainder when 49 is divided by 29?
20
What is the remainder when 29 is divided by 5?
4
What is the remainder when 178 is divided by 60?
58
What is the remainder when 133 is divided by 113?
20
Calculate the remainder when 1170 is divided by 301.
267
What is the remainder when 727 is divided by 19?
5
What is the remainder when 164 is divided by 8?
4
Calculate the remainder when 225 is divided by 91.
43
What is the remainder when 271 is divided by 134?
3
Calculate the remainder when 348 is divided by 22.
18
What is the remainder when 526 is divided by 125?
26
Calculate the remainder when 63 is divided by 29.
5
What is the remainder when 60 is divided by 25?
10
What is the remainder when 336 is divided by 74?
40
Calculate the remainder when 405 is divided by 14.
13
What is the remainder when 630 is divided by 206?
12
What is the remainder when 491 is divided by 129?
104
What is the remainder when 93 is divided by 22?
5
Calculate the remainder when 414 is divided by 32.
30
What is the remainder when 778 is divided by 13?
11
Calculate the remainder when 3659 is divided by 41.
10
What is the remainder when 117 is divided by 63?
54
Calculate the remainder when 2503 is divided by 12.
7
What is the remainder when 923 is divided by 22?
21
Calculate the remainder when 8538 is divided by 10.
8
What is the remainder 